158 a factor of 910325690?
True
Does 10 divide 1149592761?
False
Is 226 a factor of 5861944156?
True
Does 4024 divide 720935816?
True
Is 965500 a multiple of 48?
False
Is 453998534 a multiple of 96?
False
Is 575 a factor of 47177025?
True
Does 125 divide 301719625?
True
Is 359 a factor of 316023960?
False
Does 64 divide 6277338?
False
Is 485 a factor of 130943695?
True
Is 5101862275 a multiple of 56?
False
Is 10 a factor of 1213853337?
False
Is 717993300 a multiple of 3450?
True
Does 1845 divide 49121216?
False
Is 317729375 a multiple of 125?
True
Is 1291845519 a multiple of 13?
False
Is 178 a factor of 55338445?
False
Is 4027 a factor of 2439474445?
False
Does 2565 divide 1225710280?
False
Is 467125 a multiple of 25?
True
Is 29 a factor of 52662459?
False
Is 132204033 a multiple of 171?
True
Does 5 divide 398437970?
True
Is 2095 a factor of 36463475?
True
Does 4 divide 17146656?
True
Is 527 a factor of 59805014?
True
Is 5 a factor of 11491581?
False
Is 19 a factor of 45810634?
True
Is 966447511 a multiple of 1739?
True
Is 60 a factor of 28653434?
False
Does 2341 divide 698261775?
True
Does 241 divide 9048586?
True
Is 53916 a multiple of 6?
True
Is 10 a factor of 351673214?
False
Is 571 a factor of 1470407500?
False
Is 3487 a factor of 82286986?
False
Does 177 divide 1219021302?
True
Is 128682477 a multiple of 647?
True
Is 16 a factor of 307696240?
True
Does 2 divide 6201600?
True
Is 96920604 a multiple of 306?
True
Is 24281990 a multiple of 1925?
False
Does 63 divide 675911817?
True
Is 23 a factor of 7223081?
True
Is 5 a factor of 190346335?
True
Does 14 divide 1000062226?
False
Does 1840 divide 76669120?
True
Does 6 divide 105805392?
True
Is 103572839 a multiple of 50?
False
Is 565 a factor of 428572013?
False
Is 50733939 a multiple of 1438?
False
Is 117 a factor of 23916007?
False
Is 16272796 a multiple of 561?
False
Is 1032 a factor of 14757600?
True
Does 607 divide 888041?
True
Is 11179875 a multiple of 25?
True
Is 3228277010 a multiple of 518?
True
Is 145 a factor of 295510?
True
Is 10 a factor of 101900386?
False
Is 109 a factor of 386973217?
True
Is 50457300 a multiple of 237?
True
Is 6138039 a multiple of 9?
False
Is 5231 a factor of 222322731?
True
Is 11 a factor of 568619865?
True
Is 27776256 a multiple of 24?
True
Is 27147569 a multiple of 47?
False
Does 1709 divide 206929138?
True
Is 522039698 a multiple of 89?
False
Does 58 divide 12278135?
False
Is 55 a factor of 23618949?
False
Is 19457764 a multiple of 15?
False
Is 3494 a factor of 16481200?
False
Does 12 divide 488043316?
False
Is 15 a factor of 512389826?
False
Is 327 a factor of 1405141535?
False
Is 275574827 a multiple of 1215?
False
Is 715 a factor of 73871221?
False
Does 222 divide 873550242?
True
Is 724 a factor of 2060935504?
True
Does 67 divide 1643895884?
False
Does 8 divide 744215538?
False
Is 208 a factor of 18568107?
False
Does 1333 divide 121178532?
False
Does 67 divide 1714568097?
False
Does 16 divide 30881776?
True
Is 24685884 a multiple of 12?
True
Is 707241812 a multiple of 15?
False
Is 14 a factor of 804330094?
False
Does 4 divide 453919455?
False
Is 882 a factor of 143720136?
True
Is 89 a factor of 38786556?
True
Does 67 divide 28116639?
False
Is 9 a factor of 97546617?
True
Does 656 divide 843091916?
False
Is 48338980 a multiple of 5?
True
Is 10 a factor of 19335150?
True
Is 445648274 a multiple of 839?
True
Does 2479 divide 12229008?
False
Is 322422048 a multiple of 78?
True
Is 316927215 a multiple of 165?
True
Is 10 a factor of 1494289420?
True
Does 1150 divide 474864831?
False
Does 483 divide 32169249?
True
Is 159366486 a multiple of 101?
True
Is 8426089 a multiple of 72?
False
Is 2238395564 a multiple of 214?
False
Is 119733369 a multiple of 259?
True
Is 14786868 a multiple of 112?
False
Does 1004 divide 80528467?
False
Is 577639864 a multiple of 10?
False
Does 59 divide 2528594152?
True
Is 288026563 a multiple of 2963?
False
Is 236660518 a multiple of 2?
True
Is 2512919 a multiple of 571?
False
Does 88 divide 278687200?
True
Is 79376604 a multiple of 3052?
False
Does 7 divide 344805839?
True
Is 305 a factor of 38153065?
False
Is 2861 a factor of 235783593?
True
Is 195 a factor of 106160925?
True
Is 546 a factor of 49689745?
False
Does 97 divide 42286285?
False
Is 34 a factor of 1240048?
True
Does 480 divide 38329704?
False
Does 14 divide 11202576?
True
Does 225 divide 138324465?
False
Is 8660572258 a multiple of 13?
True
Does 21 divide 290906574?
True
Is 248 a factor of 169165760?
True
Does 1258 divide 2192694?
True
Does 1503 divide 96277671?
True
Is 47939024 a multiple of 14?
True
Is 30187081 a multiple of 11?
False
Is 486963035 a multiple of 5?
True
Does 70 divide 177968623?
False
Is 309784546 a multiple of 78?
False
Is 223917157 a multiple of 697?
False
Is 725 a factor of 501251?
False
Is 102827851 a multiple of 27?
False
Does 32 divide 46276032?
True
Is 105 a factor of 92180025?
True
Does 632 divide 445983138?
False
Is 280 a factor of 840046208?
False
Is 1917275444 a multiple of 554?
True
Does 779 divide 837215386?
False
Does 6631 divide 1769362992?
True
Does 91 divide 5478839414?
False
Is 2005 a factor of 630570495?
True
Is 11383588 a multiple of 94?
True
Is 61264896 a multiple of 336?
True
Is 27 a factor of 167842003?
False
Is 64 a factor of 1460474112?
True
Is 8 a factor of 4583120?
True
Does 2 divide 10172312?
True
Is 13839867 a multiple of 9?
True
Is 62 a factor of 16944414?
True
Is 116 a factor of 966546033?
False
Is 34 a factor of 3586626?
True
Is 508571657 even?
False
Is 131 a factor of 471855730?
False
Is 63364780 a multiple of 68?
True
Is 368 a factor of 2967400946?
False
Is 39028202 a multiple of 23?
False
Is 15 a factor of 1121468931?
False
Does 3 divide 9480086?
False
Is 2013402 even?
True
Is 20504734 a multiple of 647?
False
Is 583052160 a multiple of 16?
True
Does 1782 divide 305202299?
False
Is 2101 a factor of 255252591?
True
Is 207353088 a multiple of 2358?
True
Is 653051144 a multiple of 134?
True
Does 6 divide 6731441?
False
Is 336 a factor of 683872896?
True
Does 35 divide 196487795?
True
Does 46 divide 67432918?
True
Is 1985858 a multiple of 347?
False
Is 22514226 a multiple of 1352?
False
Does 32 divide 1746496?
True
Does 14 divide 456273454?
True
Is 117821260 a multiple of 1199?
False
Is 106813080 a multiple of 4?
True
Does 37 divide 49808409?
False
Is 38 a factor of 154136246?
True
Does 4 divide 15569751?
False
Does 27 divide 904473?
True
Is 48 a factor of 1472097792?
True
Is 85669652 a multiple of 37?
True
Is 171 a factor of 218578592?
False
Is 4 a factor of 114501148?
True
Is 55 a factor of 42583255?
True
Does 84 divide 46932014?
False
Is 305 a factor of 872670880?
True
Does 31 divide 2827957361?
True
Does 38 divide 94784514?
False
Is 26 a factor of 137715162?
True
Is 79 a factor of 35574418?
False
Is 65749899 a multiple of 419?
True
Is 1047 a factor of 27363787?
False
Is 18338601 a multiple of 8?
False
Is 2082312524 a multiple of 17?
True
Is 363 a factor of 18661104?
True
Does 106 divide 1471176495?
False
Is 56122865 a multiple of 85?
True
Is 38189930 a multiple of 2690?
True
Is 401 a factor of 146587956?
True
Is 141 a factor of 31145417?
False
Is 148382770 a multiple of 6?
False
Is 9104 a factor of 1075901616?
True
Is 942 a factor of 224024556?
True
Is 3051 a factor of 1354964355?
True
Is 1380 a factor of 35553622?
False
Does 11 divide 128383618?
True
Does 120 divide 19814640?
True
Does 158 divide 13915060?
True
Is 57493102 a multiple of 142?
True
Does 297 divide 17120268?
True
Is 4799 a factor of 109637673?
False
Does 6 divide 373444702?
False
Does 425 divide 290162540?
False
Is 2115327983 a multiple of 4663?
True
Is 162754805 a multiple of 14?
False
Is 9 a factor of 44528408?
False
Does 1004 divide 280780648?
True
Is 991162446 a multiple of 6?
True
Is 1159 a factor of 31196860?
False
Is 70714477 a multiple of 48?
False
Is 2062506700 a multiple of 4880?
False
Is 64668898 a multiple of 658?
True
Is 13 a factor of 849257097?
True
Does 1248 divide 49318193?
False
Does 8 divide 18057724?
False
Does 1942 divide 377565582?
True
Is 263 a factor of 76260269?
True
Is 147877813 a multiple of 44?
False
Does 842 divide 81695892?
True
Is 129365934 a multiple of 30?
False
Is 240 a factor of 106279680?
True
Is 26868 a multiple 